pose 9*d - 4*d - 880 = 0. Let j(b) = -b**2 + 11*b - 10. Let g be j(10). Let y(k) = k**2 + 16. Let s be y(g). What is the highest common factor of s and d?
16
Let o be (-374 + -1)/(-5) - -4. Let k = o + -37. Calculate the highest common factor of k and 14.
14
Suppose b + 55 = j, -5*b - 63 - 41 = -2*j. Calculate the greatest common factor of j and 741.
57
Suppose 0 = -o + 3*o + 2*v - 112, -o + 66 = 3*v. Suppose 0*r + 3*l = -r + o, 0 = 2*l - 2. Calculate the highest common factor of 60 and r.
12
Let w(d) = -d**3 + 2*d**2 + 2*d + 2. Let v be w(2). Suppose v*r - r = -105. Let j = r - -28. What is the highest common divisor of 63 and j?
7
Let w(z) be the second derivative of -2*z**3/3 + 15*z**2 + 4*z. Let o be w(5). What is the highest common divisor of o and 5?
5
Suppose -4*d = -3*i + 78, 0 = -4*i + d - 4*d + 79. Let m be (92/6 + -8)*9. Calculate the highest common factor of m and i.
22
Suppose 4*o + 5*j - 51 = 0, -3*o + 0*o - 3*j = -36. Let u be (-544)/(-10) - 10/25. Calculate the highest common divisor of o and u.
9
Let v be (32/(-24))/((-2)/(-63)). Let r = -31 - v. Calculate the highest common divisor of 66 and r.
11
Suppose 10*t + 491 = 1491. Calculate the greatest common factor of 25 and t.
25
Let w(t) = 2*t + 54. Let q be w(6). Calculate the greatest common factor of 48 and q.
6
Suppose 3*i + 0 = -9, 0 = -3*j - 5*i - 18. Let g be -3 + j - (-1 + -68). Let a = 32 + -19. Calculate the highest common factor of a and g.
13
Let l = -41 + 80. Suppose 0*u + l = 3*u. What is the highest common factor of u and 65?
13
Let k be 2/(-12) - (-19)/6. Suppose -4 + 25 = k*b. Suppose 2*c + 2*p = 12, 0 = 4*p - b - 1. Calculate the highest common divisor of 12 and c.
4
Suppose 570 - 1986 = -6*x. What is the greatest common divisor of 4 and x?
4
Let d = -327 + 349. What is the greatest common factor of d and 264?
22
Let s = 413 + -243. Let l = -95 + 129. What is the highest common divisor of s and l?
34
Let g be 24/9*6/4. Let c(k) = -2*k + 0*k**2 - 1 + 11*k - k**2. Let n be c(g). What is the highest common divisor of 19 and n?
19
Let p = 493 - 343. Suppose -n + 11*n - p = 0. Let t be (-10)/(-2) - (0 - 1). Calculate the greatest common divisor of n and t.
3
Let g be (-14 - (0 - -2))*-2. Let o = -27 + g. Suppose 2*b + o = -4*a + 3*a, -b = 5*a - 2. Calculate the highest common factor of a and 11.
1
Let g(i) be the first derivative of 4*i**3/3 - 2*i**2 - 4*i - 19. Let d be g(-2). Calculate the greatest common factor of d and 140.
20
Let y(b) = -377*b + 1203. Let o be y(-11). What is the greatest common factor of 50 and o?
50
Let q(d) = 2*d**2 + d + 51. Let m be q(0). What is the greatest common factor of m and 221?
17
Suppose 4*t + a = 427, -a + 211 = -23*t + 25*t. Calculate the greatest common divisor of t and 126.
18
Suppose 5*n - 610 = -5*g, g = -2*g - n + 362. Suppose -5*x + 443 = -517. Suppose 0 = -6*k + 2*k + x. Calculate the highest common divisor of g and k.
24
Suppose 224 + 160 = -6*r. Let h be (234/8)/3 + 48/r. What is the highest common divisor of h and 126?
9
Let g = 137 - 72. Calculate the highest common divisor of 1040 and g.
65
Let h be 1/3 + 359/3. Suppose 0 = 4*a - 3 - 13. Suppose 0*j = 3*b - j - 45, 0 = -a*j. Calculate the greatest common factor of h and b.
15
Let t be 770/33 + 1/(-3). Let g = 526 - 342. Calculate the highest common factor of g and t.
23
Let x be 2 - ((-2)/2 + -18). Let i(f) = 3*f**2 + 8*f - 7. Suppose 18*u = 15*u - 21. Let z be i(u). What is the greatest common divisor of z and x?
21
Let z(y) = 28*y**2 - 2. Let d = 6 + -6. Suppose -4*w = -d*w + 8. Let k be z(w). What is the highest common divisor of 22 and k?
22
Suppose 0 = 3*q - 12, 7*p - 64 = 4*p - q. Let b(n) = -12*n - 808. Let l be b(-79). Calculate the greatest common factor of p and l.
20
Let b = -15 + 16. Let m be 4*b*4/(-8) + 22. Calculate the highest common factor of 5 and m.
5
Let m = -33 - -75. Suppose -2*n + m = 3*p, -3*n - 5*p = -3*p - 68. What is the highest common factor of 48 and n?
24
Let p = 5 + -2. Suppose 6*y = p*y + 12. Suppose 2*m - 12 = 4*x, -5*x = y*m - 2*x - 68. What is the greatest common divisor of m and 140?
14
Let f = 31 - 14. Let z(t) = t**2 - 15*t - 12. Let a be z(16). Suppose 0*w - a*w + 204 = 0. Calculate the greatest common divisor of w and f.
17
Suppose 7*s + 23*s = 240. Calculate the greatest common divisor of 344 and s.
8
Let f = -106 - -68. Let t = 77 + f. Calculate the greatest common divisor of 156 and t.
39
Suppose -4*z - 5*u = -815, -3*z + 647 - 38 = 3*u. Let l = -132 + 212. Calculate the greatest common divisor of z and l.
40
Let g = -41 + 64. Let i(x) = -x + 8. Let j be i(-17). Suppose 30*z - j*z - 1265 = 0. What is the greatest common divisor of z and g?
23
Let o(v) = -v**2 - 20*v - 12. Let a be o(-18). Suppose i + 145 = 5*d + 3*i, 0 = -5*i + 25. Let g be 72/d*18/4. What is the greatest common divisor of a and g?
12
Suppose 140 = 5*n - n. Let l = 4872 - 4867. What is the greatest common divisor of l and n?
5
Let f(r) = -2*r + 29. Let v be f(13). Let t be (-1 + 1 + -15)*(-3)/v. Calculate the highest common divisor of t and 15.
15
Let w(k) = -k**3 + 7*k**2 + 3*k + 3. Let c be w(6). Let q = 107 - c. Calculate the greatest common factor of 125 and q.
25
Let a(x) = -11*x - 4. Let g be a(-3). Let i = -13 + g. Let h(z) = 32*z - 32. Let r be h(3). What is the highest common factor of i and r?
16
Let k be (-170)/15*72/(-16)*1. What is the highest common divisor of k and 408?
51
Suppose 103*c = 91*c + 1920. Let y(f) = 2*f**2 - 2*f. Let r be y(-4). What is the highest common factor of r and c?
40
Let g = 240 + -225. Calculate the highest common divisor of g and 240.
15
Let r = -337 + 762. What is the greatest common factor of 85 and r?
85
Suppose 160 = -30*v + 38*v. What is the highest common factor of v and 130?
10
Suppose -5*g - 4*j + 1160 = 0, 2*g - 3*j - 75 = 366. Calculate the highest common divisor of g and 12.
12
Let q = -3 - -5. Let j = 12 - q. Suppose 14*b - 127 = -x, -35*x + 38*x - 69 = -3*b. What is the highest common divisor of j and x?
5
Let o(k) = 3*k - 8. Let w(j) = -2*j + 7. Let l(d) = 3*o(d) + 4*w(d). Suppose 2*v = 3*v - 3. Let s be l(v). Calculate the greatest common divisor of 35 and s.
7
Suppose 12*m = -441 + 1281. Let b(u) = -3*u**3 + 0*u**3 - 2 + 2*u**2 + 0*u**3 + u. Let y be b(-2). Calculate the greatest common divisor of m and y.
14
Let z(x) = -x**2 - 7*x + 4. Let a be z(-6). Suppose -13*q + 288 = -a*q. Let l be 2*5 - (4 - 6). Calculate the highest common factor of l and q.
12
Suppose 1 = 3*d - 8. Suppose 2*h = -3*h + d*q + 35, 28 = 4*h + 3*q. Let x = 14 + -7. Calculate the highest common factor of h and x.
7
Let x = 121 + -117. Suppose 2*h - 3*b - 2 = 0, 2*b = -4*h - 0*b + x. What is the highest common factor of 10 and h?
1
Let l = -117 - -141. Suppose -n + 1 = -5. What is the greatest common divisor of n and l?
6
Suppose -6*i - 5*v = -3*i - 540, -358 = -2*i - 4*v. Calculate the highest common divisor of 111 and i.
37
Suppose -971*q = -982*q + 1430. Calculate the greatest common factor of q and 442.
26
Let v be (-1 - -1)*(-5 - -4). Suppose 2*g - 2*n + 46 = v, -4*g - 89 = -n - 2*n. Let c be ((-15)/g)/(1/176). Calculate the highest common factor of c and 12.
12
Suppose 5*f - 169 - 31 = 0. Suppose -i + f = -2*i. Let x = -26 - i. What is the greatest common divisor of 14 and x?
14
Suppose 8 = 7*q - 9*q. Let x be (q + -1)*-7 - (6 + -2). Calculate the greatest common divisor of 62 and x.
31
Suppose -26*f + 592 = 124. Suppose 4*a - 248 + 32 = 0. Calculate the highest common factor of f and a.
18
Let y = -51 - -93. Let g = 44 - y. Calculate the highest common factor of 4 and g.
2
Let r = 9 + -3. Let w = r + 29. Calculate the highest common divisor of 105 and w.
35
Suppose 4*t - 16 = 5*z, -2*t + 4 = -t. Suppose 2*m + 91 = y + 501, -m - 4*y + 205 = z. What is the highest common factor of m and 82?
41
Suppose 4*u - 486 = -2*u. Suppose -4*p - 1 = -u. What is the highest common factor of 5 and p?
5
Suppose 4*v = 2*v - 16. Let c = -8 - v. Suppose c = -2*g + 53 - 1. What is the highest common factor of 65 and g?
13
Let n be (27/12)/(3/(-8)). Let s be ((-4)/n)/(4/246). Let i = 76 - s. What is the greatest common divisor of i and 14?
7
Suppose 0 = 5*c - 481 - 359. Calculate the greatest common factor of 84 and c.
84
Let z(t) be the thir